what is -1002100111 + 201?
-1002022210
In base 5, what is -11 + -222002?
-222013
In base 10, what is 4313 - -2?
4315
In base 16, what is -45 + 8ad?
868
In base 15, what is 3 + -758a4?
-758a1
In base 8, what is 23 + 24270?
24313
In base 12, what is -793 + -37?
-80a
In base 14, what is 7 + -6ac5b?
-6ac54
In base 2, what is -11001000011100010 + -100?
-11001000011100110
In base 16, what is -1b67e - -5?
-1b679
In base 3, what is -12201 + -1120?
-21021
In base 7, what is -20 + -66323?
-66343
In base 6, what is -4103 - -1352?
-2311
In base 11, what is -78a - 5a?
-839
In base 14, what is 58 - -2cd?
347
In base 7, what is -3 - -15203?
15200
In base 8, what is -1211 + 231?
-760
In base 9, what is 2 + -715852?
-715850
In base 9, what is -3 - -1725811?
1725807
In base 2, what is 101 + 1010010000111100111?
1010010000111101100
In base 2, what is 100100111101100 + 11?
100100111101111
In base 5, what is -1002 + -310403?
-311410
In base 4, what is 2 - 10013033?
-10013031
In base 9, what is -4 - -108616?
108612
In base 11, what is 1 - -3a76?
3a77
In base 2, what is -100010110101 - -101001?
-100010001100
In base 2, what is 1 - -1110000111001?
1110000111010
In base 4, what is -12213020033 + -1?
-12213020100
In base 6, what is 5243024 - 3?
5243021
In base 4, what is 3023 + -2213?
210
In base 8, what is 1227 - 731?
276
In base 14, what is a81b9 - -4?
a81bd
In base 4, what is -1011210 - 1?
-1011211
In base 8, what is 362 + -222?
140
In base 2, what is -10110 - -100000001000?
11111110010
In base 14, what is 4313 - 4?
430d
In base 8, what is 62 + -436?
-354
In base 5, what is 14230 - -32?
14312
In base 14, what is 52 + 44b?
49d
In base 7, what is 2 + 3504?
3506
In base 3, what is 1020220121012 + -10?
1020220121002
In base 10, what is 502 + 5751?
6253
In base 4, what is 130 + 302110231?
302111021
In base 13, what is 1038 + 6c?
10a7
In base 4, what is 11 - 112111?
-112100
In base 6, what is -4 + 101445?
101441
In base 2, what is 1000111001010 - -11111010?
1001011000100
In base 8, what is -2264661 - -1?
-2264660
In base 11, what is -1946a - 5?
-19474
In base 10, what is 540140 - 5?
540135
In base 16, what is -10e0fe - 2?
-10e100
In base 16, what is -13c - -72?
-ca
In base 7, what is 4 + -621035?
-621031
In base 14, what is 23d0 - 94?
233a
In base 6, what is 2233424 - -5?
2233433
In base 9, what is -1184 + -4?
-1188
In base 6, what is 1 - 345454?
-345453
In base 11, what is -1 - -363823?
363822
In base 16, what is -1988d - -8?
-19885
In base 2, what is -100101000011101 - 101?
-100101000100010
In base 6, what is -4 + 3410334?
3410330
In base 15, what is -e - 3a2?
-3b1
In base 3, what is -2201101001 - 2?
-2201101010
In base 7, what is -2 - 3456261?
-3456263
In base 15, what is -19 - 1970?
-1989
In base 2, what is 1111 - -10011100010100100?
10011100010110011
In base 9, what is 6 - -45648?
45655
In base 4, what is -13130030 + -3?
-13130033
In base 15, what is -470e + 1d?
-46e1
In base 3, what is -1211021 + -200?
-1211221
In base 13, what is -1866 + b4?
-1782
In base 6, what is -1534 + 25?
-1505
In base 15, what is c8c1e - 4?
c8c1a
In base 8, what is 4 - -600620?
600624
In base 8, what is -16420 + -23?
-16443
In base 2, what is 11000110110 - 10111100000?
1010110
In base 11, what is 59a832 - -5?
59a837
In base 5, what is -4 + -111040424?
-111040433
In base 5, what is -10 + -22304131?
-22304141
In base 8, what is -21 - -151?
130
In base 13, what is -6b66 - 12?
-6b78
In base 9, what is -6 - -277?
271
In base 2, what is 10010101001111001 + 101011?
10010101010100100
In base 13, what is 16 + -b99a?
-b984
In base 10, what is 5896 + -31?
5865
In base 16, what is -11f3 - a?
-11fd
In base 3, what is 10200112 - -2001?
10202120
In base 14, what is -5bc - 9b?
-679
In base 14, what is 17a - -52?
1cc
In base 11, what is -259 + -726?
-984
In base 11, what is -55526 - 11?
-55537
In base 10, what is 3843 - 541?
3302
In base 4, what is -31220332 + -2?
-31221000
In base 6, what is 114 - -34510?
35024
In base 10, what is 4 + -6600?
-6596
In base 5, what is -4001032 + -340?
-4001422
In base 8, what is 257 + 652?
1131
In base 3, what is -220000021 + 21?
-220000000
In base 5, what is -1031203 - -4?
-1031144
In base 9, what is 3 - -1351?
1354
In base 9, what is -113 - 13580?
-13703
In base 16, what is 4 + -1c95?
-1c91
In base 15, what is -2 - 6cc1?
-6cc3
In base 5, what is 2114 + -221?
1343
In base 2, what is -100010 + 110111010101111?
110111010001101
In base 5, what is -10 - 233013332?
-233013342
In base 9, what is 0 + -160342?
-160342
In base 12, what is 5 + 3521?
3526
In base 2, what is 10000001 - 1111001?
1000
In base 7, what is -15 + -34653?
-35001
In base 8, what is 1 - 112730?
-112727
In base 8, what is -7026 + -375?
-7423
In base 12, what is 185857 + 1?
185858
In base 4, what is -31333021 + 21?
-31333000
In base 7, what is -1025 - 220?
-1245
In base 15, what is 6e5 + -3?
6e2
In base 11, what is 2354 - 6a?
2295
In base 2, what is 10101010000110 + 1001000?
10101011001110
In base 16, what is -16c9d9 - 5?
-16c9de
In base 14, what is 172cd + -2?
172cb
In base 14, what is -2939 - -42?
-28d7
In base 3, what is -1012 + -10010020?
-10011102
In base 16, what is -3 - 52f6?
-52f9
In base 15, what is 1c9b5 + -4?
1c9b1
In base 12, what is -2 + -a93?
-a95
In base 13, what is 1 - -58102?
58103
In base 13, what is 285 + b5?
36a
In base 7, what is 3 + 26012?
26015
In base 8, what is 5 + -5137?
-5132
In base 2, what is -100101100110001110001 + -101?
-100101100110001110110
In base 9, what is 2 - 101602?
-101600
In base 15, what is 1057 - -9?
1061
In base 10, what is 680 - -237?
917
In base 13, what is -1 - 785?
-786
In base 12, what is 5a - -753?
7b1
In base 9, what is 3 - 1608?
-1605
In base 15, what is -45 + -1888?
-18cd
In base 6, what is -31351 + 1025?
-30322
In base 3, what is 12 - -100021021?
100021110
In base 10, what is 76514 - -1?
76515
In base 12, what is -6 - -142?
138
In base 6, what is -14 + 1032444?
1032430
In base 7, what is 116632 + -425?
116204
In base 15, what is -826a + -15?
-8280
In base 3, what is -21012021122 - 2?
-21012021201
In base 15, what is e + -1bbe?
-1bb0
In base 5, what is -4431334323 - -1?
-4431334322
In base 2, what is -10100010111111001011111 - 101?
-10100010111111001100100
In base 12, what is 69 - -1a7?
254
In base 11, what is -63522 - -4?
-63519
In base 8, what is 0 - 21234?
-21234
In base 15, what is -127c89 - 4?
-127c8d
In base 11, what is a6 - 1214?
-1119
In base 11, what is -22 + 50102?
50090
In base 7, what is 3046210 - 3?
3046204
In base 12, what is -46b - 35?
-4a4
In base 15, what is 0 + -24a5?
-24a5
In base 10, what is -3546 + -98?
-3644
In base 10, what is 41 - -6?
47
In base 4, what is -23 - 10232?
-10321
In base 3, what is -2201210022 + 1?
-2201210021
In base 12, what is -24 + -3a6?
-40a
In base 3, what is 11 - 1102012201?
-1102012120
In base 5, what is 3143 - -131?
3324
In base 9, what is -4 + -54471?
-54475
In base 13, what is 4c - 3a6?
-357
In base 6, what is 35 + 3120?
3155
In base 15, what is -3 + -2d230?
-2d233
In base 15, what is 2a - b37?
-b0c
In base 16, what is -378 - -2f?
-349
In base 14, what is -1 + -5672?
-5673
In base 9, what is 8743 - -3?
8746
In base 14, what is 9b3 + 0?
9b3
In base 6, what is 2520 + -150?
2330
In base 15, what is 1 - 4262?
-4261
In base 3, what is -220000 - -1212?
-211011
In base 9, what is 1080 + 5328?
6418
In base 12, what is -176 + -12?
-188
In base 14, what is -22 + ba40?
ba1c
In base 6, what is -1 - 121022?
-121023
In base 3, what is 22220011 - -10022?
100000110
In base 11, what is -a777 + 15?
-a762
In base 13, what is -78a + -12c?
-8b9
In base 8, what is -1 - 1421057?
-1421060
In base 11, what is 31 + -41361?
-41330
In base 11, what is 4 - -401?
405
In base 14, what is 50 - -11756?
117a6
In base 8, what is -71122 + -5?
-71127
In base 9, what is -7 + 223008?
223001
In base 5, what is -1241143 + 22?
-1241121
In base 3, what is -211211 + 10?
-211201
In base 3, what is -2001111200202 - -11?
-2001111200121
In base 11, what is -149333 - -9?
-149325
In base 11, what is -9 - 3968?
-3976
In base 8, what is -113 + -6651?
-6764
In base 8, what is -11447 - -155?
-11272
In base 14, what is ac1b + 0?
ac1b
In base 2, what is 1110110100100111 - 10?
1110110100100101
In base 10, what is -2610 + -48?
-2658
In base 2, what is -10 - -10110001